(-4)/(-2))/6).
2
Suppose 2*y + 3*l = 39, 6 - 26 = -4*l. Suppose 94 = 5*a - 3*a. Calculate the remainder when a is divided by y.
11
Let u = 21 + -10. Calculate the remainder when u is divided by 4.
3
Suppose 4*i = -0*i + 152. Let h(p) = 3*p + 8. Let a be h(-6). Let l = 23 + a. What is the remainder when i is divided by l?
12
Suppose 24 + 33 = 3*a. Suppose 2*s + a = r, 2*r + 3*s - 24 - 14 = 0. What is the remainder when r is divided by 11?
8
What is the remainder when (-164 + -5)*(-1 + 0) is divided by 43?
40
Let n(r) = r**2 + 2*r + 7. Calculate the remainder when 18 is divided by n(-3).
8
Suppose 5*j = j + 160. Let t be (-8)/(-1)*1/2. Suppose 5*b = -0*b - 2*c + j, c - 29 = -t*b. What is the remainder when 10 is divided by b?
4
Suppose 7*g - 102 = g. Calculate the remainder when 33 is divided by g.
16
What is the remainder when 46 is divided by 42/(-35)*(-40)/3?
14
Let i(y) = 186*y**2 + 4*y + 3. Calculate the remainder when i(-1) is divided by 31.
30
Let j be 30/2 - (3 - 1). Let v be j/2 - 2/(-4). Let q = -5 + v. Calculate the remainder when 2 is divided by q.
0
Suppose 2*l - 15 = 3. Let d be -11*(4 + l/(-3)). Calculate the remainder when 4 is divided by (-2)/(-8) + d/(-4).
1
Let x(p) = -2*p + 1. Calculate the remainder when 74 is divided by x(-9).
17
Suppose -5*t + 0*y = -2*y - 123, 4*y - 99 = -5*t. What is the remainder when t is divided by (-1)/(-4) + (-93)/(-12)?
7
Let l(h) = h**2 + h - 2. Let t be l(2). Calculate the remainder when 82/2 - (t - 1) is divided by 13.
12
Let z = 28 - 8. What is the remainder when 58 is divided by z?
18
Let u be (-1 - 1)/((-4)/(-6)). Let t be -3 - (-10 - u) - 2. Suppose t*z + 2*z - g = 15, -2*z + 5*g = 15. What is the remainder when 12 is divided by z?
2
Suppose -3*a = -6*a - 6. Let w(u) = -2*u**3 - 3*u**2 - u + 2. Calculate the remainder when a/(-8) + 55/4 is divided by w(-2).
6
Suppose 3*m = 5*m - 40. What is the remainder when (-1*1)/(4*5/(-760)) is divided by m?
18
Let r = -1 - -9. Suppose r = -a + 4*a + 2*z, -4*z + 16 = 0. Suppose 3*u - 4*k - 18 = a, 0*k = -u + k + 5. Calculate the remainder when 2 is divided by u.
0
Let o = 15 + -3. Calculate the remainder when 17 is divided by (27/6)/(9/o).
5
Calculate the remainder when 6/3 + 85 - 0 is divided by 30.
27
Suppose 0 = 3*k - 8*k + 10. Let g(x) = -x**3 - 9*x**2 - 8*x - 1. Let d be g(-8). What is the remainder when 1/1*(d + 6) is divided by k?
1
Suppose 5*w = 21 + 109. Calculate the remainder when w is divided by 7.
5
Let g = 1 + -1. Let v(d) = 11 + 5 + 0*d - d - 6. Calculate the remainder when v(g) is divided by 6.
4
Let p = 7 + -4. Calculate the remainder when (-52)/104*(-16 - 0) is divided by p.
2
Let a = 9 + -6. Suppose 0 = -a*g + g + 34. Calculate the remainder when 66 is divided by g.
15
Suppose t + 6*h + 15 = h, -h - 27 = 5*t. Calculate the remainder when (t - 3)/(4/(-6)) is divided by (-4)/22 + 632/88.
5
Calculate the remainder when 134 is divided by (-2*(-6)/(-4))/((-8)/72).
26
Let w(j) = 2*j + 1. Let h be w(1). Suppose 0 = h*n - 0*n - 9. Calculate the remainder when n is divided by 2.
1
Let g(a) be the second derivative of a**5/20 + a**4/2 + a**3/6 - 3*a**2 + a. What is the remainder when 25 is divided by g(-5)?
11
Let z = 35 - 12. Let j = -102 - -191. What is the remainder when j is divided by z?
20
Let j(k) = -3*k + 22. Calculate the remainder when 219 is divided by j(-5).
34
Calculate the remainder when (8/2)/((-2)/(-11)) is divided by 6.
4
Let g(d) = -d**3 - 18*d**2 - 19*d + 12. What is the remainder when g(-17) is divided by 12?
10
Suppose 0 = -c + 4 - 10. Let u be ((-2)/c)/(2/12). Suppose u*g + 3*l + l = 52, -5*g = 5*l - 150. Calculate the remainder when g is divided by 12.
10
Let y(l) = 16*l + 8. Calculate the remainder when y(2) is divided by 16.
8
Let o = 11 - 9. Suppose o*h = 2 + 2. Calculate the remainder when 3 is divided by h.
1
What is the remainder when 22 is divided by 2/(-2) + 10 + -1?
6
Let n(l) = -7*l. Let v be n(-1). Suppose 35 = -2*b + v*b. Let x(z) = 2*z + 6. What is the remainder when x(7) is divided by b?
6
Suppose m + 5 = 2*m. Let n = m - 8. Calculate the remainder when 23 is divided by 1/n + (-50)/(-6).
7
Suppose -7*h + 110 = -6*h. Let p = h + -69. What is the remainder when p is divided by 14?
13
Let c(j) = j - 4. Let p be c(7). Suppose g - i = -2*i + 23, p*i + 31 = 2*g. Calculate the remainder when 77 is divided by g.
17
Let v(s) = -s**2 - 11*s + 5. Let k(w) = w**3 + 9*w**2 - 10. Let m be k(-9). Calculate the remainder when v(m) is divided by 8.
7
Let b(c) = -2*c**3 + 2*c**2 - 5*c - 4. Let m be b(-3). Suppose -3*y = -5*d + y + m, -y + 3 = 0. Calculate the remainder when 55 is divided by d.
17
Let t(p) = 2*p**2 + 7*p + 8. Calculate the remainder when 43 is divided by t(-5).
20
Suppose 12 = -5*f + 37. What is the remainder when f*2 + 1 - 0 is divided by 6?
5
Let s = -6 - -10. Suppose s*d - 79 = -3*o - d, 2*o - 46 = -2*d. Let j(f) = -f**3 + 9*f**2 - 8*f + 10. What is the remainder when o is divided by j(8)?
8
Let f = 22 - 15. Let n(b) = -b**2 + 5*b - 4. Let u be n(4). Suppose -t + 4*a + 22 - f = u, -a - 2 = 0. Calculate the remainder when 13 is divided by t.
6
Let g = 48 - 23. What is the remainder when 49 is divided by g?
24
Suppose -3*b - 5*t = 8, 2*b + 2*b = 2*t + 24. What is the remainder when b is divided by 2?
0
Let s = -139 + 197. What is the remainder when s is divided by 31?
27
What is the remainder when 16 is divided by 18/((-4)/12*-6)?
7
Let o = 20 - 14. Suppose -3*s = -o*s + 27. What is the remainder when s is divided by 5?
4
Let k(a) = 6*a**2 + 5*a + 5. Let z(q) be the first derivative of -3*q**2/2 - 3*q - 1. Calculate the remainder when k(-3) is divided by z(-6).
14
Let v(z) = -2*z**2 + 7*z + 3. Let l be v(6). Let t = 45 + l. Calculate the remainder when t is divided by 11.
7
Let c = -53 - 2. Let x = c + 88. What is the remainder when x is divided by 18?
15
Suppose 3*v = -v. Calculate the remainder when 2 - (-66 - (1 + v)) is divided by 18.
15
Suppose 3*v - 2*b = 53, 2*v + 5*b = -3*v + 80. Let x = -4 + -5. Let n = x - -59. Calculate the remainder when n is divided by v.
16
Let r = 6 - -2. Let m(q) = -q**3 - 12*q**2 - 12*q + 4. What is the remainder when m(-11) is divided by r?
7
Let z = 15 + -19. What is the remainder when 5*-42*z/10 is divided by 29?
26
Let n(a) = -a**3 + 17*a**2 - 14*a - 17. Let z(h) = h**3 + h**2 + h + 29. What is the remainder when z(0) is divided by n(16)?
14
Suppose -5*i + s = -213, -4 = -5*s + 6. Suppose -5*h - 2*d - 5 = -i, 2*h = -5*d + 32. What is the remainder when ((-124)/h)/((-4)/6) is divided by 16?
15
Calculate the remainder when (476/(-8))/(1/(-2)) is divided by 30.
29
Let i(a) = a**2 - 4*a + 21. Suppose -3*x + 12 = -21. Calculate the remainder when i(8) is divided by x.
9
Suppose 5*w - 7 - 23 = 0. Let i(t) = -t + 6. Let p = -13 - -8. Calculate the remainder when i(p) is divided by w.
5
Let b = 19 + -10. Suppose -44 = -3*g + 31. What is the remainder when g is divided by b?
7
Let l(g) = g + 2. Suppose 0 = -5*n + 46 + 29. What is the remainder when n is divided by l(2)?
3
What is the remainder when (12 - 0) + (-12)/4 is divided by 4?
1
Let m(a) = a + 85. Let u be m(0). Suppose -6*l + 2*l + 16 = 0, -l = 4*j - 40. What is the remainder when j is divided by u/15 - 4/6?
4
Let q(v) = v - 10. Calculate the remainder when 18 is divided by q(14).
2
Let v = -11 - -13. Calculate the remainder when 3 is divided by v.
1
Let k(x) = -7*x**3 - 3*x - 9. Let o(w) = 6*w**3 - w**2 + 3*w + 8. Let p(t) = 5*k(t) + 6*o(t). Calculate the remainder when p(6) is divided by 11.
10
Let l(x) = -x. Let h(c) = 4*c + 18. Let k(m) = h(m) + 5*l(m). Calculate the remainder when k(0) is divided by 5.
3
Suppose -12*c + 16*c = 36. What is the remainder when 15 is divided by c?
6
Suppose 4*x = -4*r - 24, 5*r = -2*x - 1 - 11. Let j = x - -22. Calculate the remainder when j is divided by 6.
4
Suppose -2*n = -0*n + 2*g - 50, -n - 5*g = -45. Suppose -7*p + 4 = -73. Calculate the remainder when n is divided by p.
9
Let o = -6 - -8. Suppose 2*y + n = -3*n + 54, -o*n - 6 = 0. Calculate the remainder when y is divided by 18.
15
Suppose -4*z - 2*l + 50 = 0, 2*z - l = 27 - 0. What is the remainder when -3 + 3 + (25 - 1) is divided by z?
11
Let k(n) be the third derivative of -n**6/120 - 7*n**5/60 - n**4/6 + 5*n**3/6 - 2*n**2